w?
277
Let q(p) = -131*p**3 - 3*p**2 + 17*p - 3. List the prime factors of q(-5).
2, 3, 7, 193
Let g = -5142 + 12198. What are the prime factors of g?
2, 3, 7
Let a = -38451 - -54883. What are the prime factors of a?
2, 13, 79
Suppose 0 = -6*r + 723 + 945. Let i = r - -219. List the prime factors of i.
7, 71
List the prime factors of (14/(-28))/((-6)/720996).
60083
Let d be (-44)/(-8) + (-2)/(-4). Suppose 0 = 5*h - d*h + 625. Suppose 0 = 4*r + 4*m - 496, -2*r = 3*r + 4*m - h. List the prime factors of r.
3, 43
Let w(r) = r**3 + 5*r**2 - 118*r - 1. List the prime factors of w(26).
31, 577
Let k = 3862 + -803. What are the prime factors of k?
7, 19, 23
Let o(j) be the second derivative of 29*j**3/6 + 61*j**2/2 - 135*j. List the prime factors of o(21).
2, 5, 67
Suppose 24*n = -34375 - 38696 + 263223. List the prime factors of n.
3, 19, 139
Suppose 13*s - 458266 = -22*s + 614834. What are the prime factors of s?
2, 3, 5, 7, 73
Suppose 24 = -18*p + 6*p. List the prime factors of (1/(-9)*213)/(p/36).
2, 3, 71
Let i = 6822 + 876. List the prime factors of i.
2, 3, 1283
Let n(i) = -163*i - 11 + 2 + 1 - 4. What are the prime factors of n(-3)?
3, 53
Let x = -13196 - -19885. List the prime factors of x.
6689
Let m(i) = -6844*i - 4970. List the prime factors of m(-8).
2, 3, 8297
Let b(u) = 59*u**2 - u + 26. Let x be b(5). Suppose -x = h - 18*h. What are the prime factors of h?
2, 11
Let x = -4009 - -22259. What are the prime factors of x?
2, 5, 73
Let k be -1 + -1 - (-1 + -2 - -1). Suppose -c - 5*i - 105 = -2*c, 4*c + i - 399 = k. Suppose p - 203 = -p + w, -p = w - c. What are the prime factors of p?
101
Suppose 3 = -3*d, 3*g - 22736 = 37*d - 35*d. List the prime factors of g.
2, 3, 421
Let m(u) = -31952*u**3 + 131*u**2 + 131*u + 1. What are the prime factors of m(-1)?
3, 10651
Let d = -21 - 56. Let z = -545 - -796. Let r = z + d. What are the prime factors of r?
2, 3, 29
Let a = -797 + 1792. Suppose -2*x - 3*m + 0*m + 394 = 0, -a = -5*x - 5*m. List the prime factors of x.
7, 29
Suppose 0*k + 5*k = -4*v + 20, 2*v + 3*k - 12 = 0. Suppose -h = -14 - v. Let w = h - -15. List the prime factors of w.
29
Let d = 6 - 11. Let z(n) = 3*n - 18. Let a(h) = -15*h + 19. Let m(q) = 2*a(q) + 3*z(q). List the prime factors of m(d).
89
Let b(j) = -239*j + 3. Let k be b(-9). Suppose -10*a + 3086 = -k. What are the prime factors of a?
2, 131
Suppose 10*i - 212674 = -2*i - 10*i. List the prime factors of i.
7, 1381
Let t be (-440)/77 + ((-10)/(-14) - 1). Let g be -4 - (-1 + t) - -53. Suppose -3*a + g = 3*l + 2*l, 3*a = 4*l + 47. List the prime factors of a.
17
Let x(l) = l**3 - l**2 - 7*l - 10. Suppose 8 = 214*q - 213*q. What are the prime factors of x(q)?
2, 191
Suppose -5*t + 273 = -2*g - 302, g = 2*t - 231. Let f = t - -49. What are the prime factors of f?
2, 3
What are the prime factors of (15 - -2) + (30 - -47904)?
47951
Let c = 294 - 274. Suppose -6*o = -2*o + c, -763 = -3*m - o. What are the prime factors of m?
2
Suppose 3*u - 16515 = 2*v, -2*u - 3*v - 1608 + 12618 = 0. List the prime factors of u.
3, 5, 367
Suppose 6*r - 14837 = -1205. Let a = 3184 - r. List the prime factors of a.
2, 3, 19
Let h(z) = 33*z + 44. Let i be h(11). Suppose -4*o = -8, -2*q - i = q - o. Let y = 264 + q. What are the prime factors of y?
3, 43
Let u(d) = 18*d - 8. Let v be (6/(-4))/((-18)/(-516)). Let b = 45 + v. What are the prime factors of u(b)?
2, 7
Let x = 25 + -32. Let d = x + 11. Suppose -d*p + 17 = -187. What are the prime factors of p?
3, 17
Suppose 4*q + 98 = 3*l - 5*l, 4*q - 82 = 2*l. Let v = 32 + l. Let t = v - -41. List the prime factors of t.
2, 7
Suppose 0 = -s - 5*z + 16358, z = 12*s - 10*s - 32782. List the prime factors of s.
2, 17, 241
Let m = 9947 - 9366. List the prime factors of m.
7, 83
Suppose -139 = -14*g + 29. Let z = g + -5. Suppose -1701 = -z*w - 280. List the prime factors of w.
7, 29
Let y(h) = h**2 + 6*h - 2. Let i be y(-5). Let g = -7 - i. List the prime factors of (-5 - (-5 - 173))/(g + 1).
173
Let g(w) be the first derivative of 99*w**2/2 - 95*w + 26. What are the prime factors of g(5)?
2, 5
Let x be (-88)/(-20)*1*20/2. Suppose -2*j + 2*w - x = 0, j - 3*j - 44 = -5*w. Let r = 34 + j. What are the prime factors of r?
2, 3
Let v(r) = 9*r - 4*r**2 + 23*r + 10*r**2 + 189 - 5*r**2 + 71. List the prime factors of v(-32).
2, 5, 13
Suppose -4*j + 17 = -3. Suppose 11 = 93*y - 175. Suppose -y*g - 3*q = q - 160, -15 = j*q. List the prime factors of g.
2, 43
Let s(m) = 10*m**2 - 5*m - 26. Let y be s(9). Let f = -498 + y. List the prime factors of f.
241
Let u(j) = 117*j**3 - 10*j**2 - 6*j - 15. What are the prime factors of u(4)?
37, 197
Let s(w) be the third derivative of 59*w**6/120 - w**4/24 + 5*w**2. Let z be s(1). Suppose 4*a - z - 246 = -4*j, j = 5*a + 58. What are the prime factors of j?
73
Let i = -168 + 172. Suppose -i*a + 7*a - 92 = -5*v, -3*v + 52 = a. List the prime factors of v.
2
Let c = 2072 - 4218. What are the prime factors of (-51)/102 - c/4?
2, 67
Let r(x) = 4*x**3. Let w be r(1). Suppose f - 4*a = 198 + 145, w*f = a + 1297. List the prime factors of f.
17, 19
Let u = 84760 + -17198. What are the prime factors of u?
2, 11, 37, 83
Let w = 135 + 98. Suppose -4*a + w + 479 = 0. What are the prime factors of a?
2, 89
Let u be 288/20 - 4 - (-4)/(-10). Suppose u*v = 2*v + 7400. What are the prime factors of v?
5, 37
Suppose 0 = 9*f - 12751 - 46685. What are the prime factors of f?
2, 13, 127
Let g(b) = b**3 - 30*b**2 + 30*b + 150. Let v be (11 - (-156)/(-36))/((-4)/(-18)). What are the prime factors of g(v)?
2, 3, 5, 7
What are the prime factors of 22910/3*(-3150)/(-420)?
5, 29, 79
Let f = -230 + 232. Suppose -49 = -f*y - 4*b + 385, 5*b = -5*y + 1060. What are the prime factors of y?
3, 23
Suppose 3 = 3*o + 6. Let y be 6/(-12)*(-4)/(o - -2). Suppose 0 = -5*b + w + 487, -208 = -y*b - 5*w + w. What are the prime factors of b?
2, 7
Let p be ((138/552)/(1/(-2)))/(2/(-12)). Let b be 4*-1*(-11)/4. Suppose -b*k = -p*k - 1264. List the prime factors of k.
2, 79
Let q be 1065/12 - 10/(-40). Let f be q/5 + 0 + 6/30. Suppose 0 = -f*m + 19*m - 49. What are the prime factors of m?
7
Let v(h) = 15*h - 11. Let y be v(1). List the prime factors of (-2 - -1)/(y/(-28)).
7
Suppose 4*u = -2*y + 12, 3*u - u = -4*y + 6. Suppose o + 7 + 31 = y. Let d = o - -77. What are the prime factors of d?
3, 13
Let k = -66 - 69. Let g be (-4)/30 - 18/k. Suppose g = -2*y - y + 147. List the prime factors of y.
7
Let w = 11892 + -6766. What are the prime factors of w?
2, 11, 233
Suppose 0 = 5*n - 4*g + 12, 2*g - 5 - 1 = 0. Suppose 3*i = -z - 185, n*z - i + 185 = -z. Let j = z + 301. List the prime factors of j.
2, 29
Suppose 32 = 5*v - 63. Suppose -q = q + 2, -4*q = -3*y + v. Suppose 2*t = -c + 134, -y*c = -9 - 1. List the prime factors of t.
2, 3, 11
Suppose 0 = -3*h - 2*v + 29, -2*v = -8*h + 3*h + 27. Let a(o) = -o**3 + 9*o**2 + 8*o. Let f be a(h). Suppose -54 = 5*y - f. What are the prime factors of y?
2, 5
List the prime factors of (-23 + 4754/(-6))*(121/(-2) - -2).
3, 13, 1223
Let y = 17759 - -43037. What are the prime factors of y?
2, 15199
Suppose 350 - 342 = -4*q. What are the prime factors of (5 - (-15)/q)/((-2)/148)?
5, 37
Let f = -2040 + 3942. Let s = -1212 + f. List the prime factors of s.
2, 3, 5, 23
Suppose 20*l - 4439 = 501. List the prime factors of l.
13, 19
Let p(f) = -2*f**3 - 88*f**2 - 97*f + 182. List the prime factors of p(-44).
2, 5, 89
Suppose 2*x - 648 = 14*x. What are the prime factors of 3147/x*-3 - (-1)/6?
5, 7
Suppose 99*n = 120*n + 2478. Let t be (-2895)/35 + (-2)/7. Let b = t - n. What are the prime factors of b?
5, 7
Let t be (-1 - 25/(-7))/(3/14). Let u(a) = 3*a - 33. Let s be u(t). Suppose -2*v + s + 237 = 0. List the prime factors of v.
2, 3, 5
Let n be 31/(-93) - (-1328)/(-3). Let z = n - -1030. List the prime factors of z.
587
Let n(k) be the first derivative of k**3 - 2*k**2 + 2*k - 1. Let l be n(8). Suppose 0*i = -3*i + l. List the prime factors of i.
2, 3
Suppose -3*i + 1 = -w, -2*i - 16 = -4*w - 0. What are the prime factors of 16/i*61/2?
2, 61
What are the prime factors of (-38)/(-1)*(13 + (-6600)/(-80))?
19, 191
What are the prime factors of 1042090/154 - (-14)/77?
67, 101
Suppose 2*v = c - 39 + 37, -4*c + 4*v = -12. Suppose c*m = 6*m + s - 748, 